{"id":654,"date":"2016-09-26T23:22:24","date_gmt":"2016-09-26T21:22:24","guid":{"rendered":"http:\/\/www.parroquiavirgendelcortijo.es\/?page_id=654"},"modified":"2025-10-18T10:04:54","modified_gmt":"2025-10-18T08:04:54","slug":"pastoral-de-bautismo","status":"publish","type":"page","link":"https:\/\/www.parroquiavirgendelcortijo.es\/?page_id=654","title":{"rendered":"Bautismo"},"content":{"rendered":"<div class=\"page\" title=\"Page 2\">\n<div class=\"section\">\n<div class=\"layoutArea\">\n<div class=\"column\">\n<h1>Fechas<\/h1>\n<p>La celebraci\u00f3n del Sacramento del Bautismo tendr\u00e1n lugar los \u00faltimos s\u00e1bados de cada mes a las 12:00, salvo excepciones. Si concurren circunstancias excepcionales y hubiera necesidad de modificar la fecha, por favor, consultar con el Sacerdote.<\/p>\n<h1>Requisitos<\/h1>\n<p>Para llevar a cabo la petici\u00f3n del Bautismo para uno de sus hijos se precisa lo siguiente:<\/p>\n<ul>\n<li>Recoger en el despacho parroquial la HOJA DE SOLICITUD DEL BAUTISMO y entregarla el d\u00eda de la charla bautismal. Por favor, rellenar con letra clara y legible todos los campos.<\/li>\n<li>Traer FOTOCOPIA DE LA PARTIDA DE NACIMIENTO DEL REGISTRO CIVIL DEL NI\u00d1O\/A y adjuntarla a la solicitud.<\/li>\n<li>Se adjunta, junto a la hoja de solicitud, un sobre peque\u00f1o de color marr\u00f3n destinado a que puedan realizar un DONATIVO a la Iglesia, en la cantidad de dinero que consideren oportuna y siempre dentro de sus posibilidades, para los gastos ocasionados de luz, calefacci\u00f3n, flores, etc.<\/li>\n<\/ul>\n<h1>Charla bautismal<\/h1>\n<ul>\n<li>Habr\u00e1 una charla bautismal que se celebrar\u00e1 uno de los viernes previos al bautismo, a las 19:00, y se les notificar\u00e1 a los padres y padrinos.<\/li>\n<\/ul>\n<h1>El papel de los padres<\/h1>\n<p>Por el mismo orden natural, el ministerio y las funciones de los padres en el Bautismo de los ni\u00f1os, est\u00e1 muy por encima del ministerio y funciones de los padrinos.<\/p>\n<ul>\n<li>\u00a0Es muy importante que antes de la celebraci\u00f3n del sacramento los padres, movidos por su propia fe o ayudados por amigos u otros miembros de la comunidad, se preparen a una celebraci\u00f3n consciente, recurriendo a medios adecuados, como pueden ser: libros, folletos, circulares y catecismos. Procure el p\u00e1rroco tener contacto con ellos, personalmente o por otros, incluso reuniendo a varias familias, para prepararles a la pr\u00f3xima celebraci\u00f3n con reflexiones pastorales y oraci\u00f3n en com\u00fan.<\/li>\n<li>\u00a0Es igualmente importante que los padres del ni\u00f1o\/a asistan a la celebraci\u00f3n en la que su hijo renacer\u00e1 del agua y del Esp\u00edritu Santo.<\/li>\n<li>\u00a0Los padres del ni\u00f1o ejercen un ministerio verdaderamente propio de la celebraci\u00f3n del Bautismo. En efecto, adem\u00e1s de escuchar las moniciones del celebrante y de orar juntamente con la asamblea, desempe\u00f1an un verdadero ministerio:\n<ul>\n<li>Cuando piden p\u00fablicamente que sea bautizado el ni\u00f1o.<\/li>\n<li>Cuando lo signan en la frente, despu\u00e9s del celebrante.<\/li>\n<li>Cuando hacen la renuncia a Satan\u00e1s y pronuncian la profesi\u00f3n de fe.<\/li>\n<li>Cuando llevan al ni\u00f1o a la fuente bautismal (funci\u00f3n que corresponde principalmente a la madre).<\/li>\n<li>Cuando encienden el cirio.<\/li>\n<li>Cuando reciben la bendici\u00f3n especial, destinada a madres y padres.<\/li>\n<\/ul>\n<\/li>\n<li>\u00a0Si acaso alguno no pudiera, en conciencia, hacer la profesi\u00f3n de fe (por ejemplo, por no ser cat\u00f3lico), puede guardar silencio. En este caso, s\u00f3lo se le pide que, cuando presente su hijo al Bautismo, garantice, o por lo menos permita, que su hijo sea bautizado en la fe.<\/li>\n<li>Despu\u00e9s de conferido el Bautismo, los padres, por gratitud a Dios y por fidelidad a la misi\u00f3n recibida, deben conducir al ni\u00f1o al conocimiento de Dios, del cual ha sido hecho hijo adoptivo, as\u00ed como prepararle a la Confirmaci\u00f3n y a la Eucarist\u00eda. En esta tarea el p\u00e1rroco les prestar\u00e1 ayuda con medios adecuados.<\/li>\n<\/ul>\n<h2>Confesiones (sacramento de la Reconciliaci\u00f3n)<\/h2>\n<div>\n<div>\n<p class=\"p1\">Con ocasi\u00f3n del Bautismo de su hijo, tanto los padres como los padrinos, familiares y amigos podr\u00e1n, si as\u00ed lo desean, acudir al sacramento de la Confesi\u00f3n (Reconciliaci\u00f3n) para una vivencia m\u00e1s plena del sacramento bautismal, media hora antes de la celebraci\u00f3n.<\/p>\n<\/div>\n<\/div>\n<div class=\"page\" title=\"Page 3\">\n<div class=\"section\">\n<div class=\"layoutArea\">\n<div>\n<h1>Aclaraciones respecto de otros aspectos relacionados con la celebraci\u00f3n del Bautismo<\/h1>\n<ul>\n<li>La Parroquia dispone de VELAS BAUTISMALES para la celebraci\u00f3n, pero es potestativo de los padres utilizarlas o traer velas propias si as\u00ed lo desean.<\/li>\n<li>La Parroquia dispone de CAPAS BLANCAS que, en un momento de la liturgia, se han de imponer. El uso de dicha capa es solamente para la celebraci\u00f3n; una vez terminada, rogamos la devuelvan al sacerdote. Pueden traer tambi\u00e9n su propia capa, que ha de ser f\u00e1cil de poner y de quitar y siempre de color blanco. Esta capa blanca simboliza el alma del ni\u00f1o\/a que, despu\u00e9s del BAUTISMO est\u00e1 totalmente limpia de pecado.<\/li>\n<li>El d\u00eda 2 de Febrero o, salvo excepciones, en fecha muy cercana, se celebra la FESTIVIDAD DE LA VIRGEN DE LA CANDELARIA, donde tiene lugar la presentaci\u00f3n a la Virgen Mar\u00eda de todos los ni\u00f1os bautizados en el \u00faltimo a\u00f1o. A su debido tiempo, recibir\u00e1n una carta con la invitaci\u00f3n para participar con sus hijos.<\/li>\n<li>Por \u00faltimo, la parroquia pone a disposici\u00f3n de todos los que lo deseen el participar de las Eucarist\u00edas (s\u00e1bados a las 18:30 y 20:30) y Celebraciones de Palabra (martes a las 20:30), donde podr\u00e1n revivir las etapas de su Bautismo a trav\u00e9s de un Catecumenado de adultos.<\/li>\n<\/ul>\n<h1>Papel de los padrinos<\/h1>\n<p>En el Bautismo de un ni\u00f1o debe haber tambi\u00e9n un padrino; representa a la familia como extensi\u00f3n espiritual de la misma y a la Iglesia madre y, cuando sea necesario, ayuda a los padres para que el ni\u00f1o llegue a profesar la fe y a expresarla en su vida.<\/p>\n<p>El padrino interviene en la celebraci\u00f3n del Bautismo para profesar, juntamente con los padres, la fe de la Iglesia en la cual es bautizado el ni\u00f1o. Por tanto, es conveniente que el padrino elegido por la familia re\u00fana, a juicio de los pastores, las cualidades requeridas para que pueda realizar los ritos que le corresponden, a saber:<\/p>\n<ul>\n<li>Que tenga la madurez necesaria para cumplir con esta misi\u00f3n.<\/li>\n<li>Que haya recibido los tres Sacramentos de la iniciaci\u00f3n cristiana: Bautismo, Confirmaci\u00f3n y Eucarist\u00eda.<\/li>\n<li>Que pertenezca a la Iglesia cat\u00f3lica y no est\u00e9 incapacitado por el derecho, para el ejercicio de la funci\u00f3n de padrino.<\/li>\n<li>Sin embargo, cuando as\u00ed lo deseen los padres, se puede admitir como padrino o testigo cristiano del Bautismo a un bautizado que pertenezca a una Iglesia o comunidad separada, siempre que lo sea conjuntamente con un padrino o madrina cat\u00f3lica. En cada caso, se tendr\u00e1n en cuenta las normas establecidas en materia ecum\u00e9nica.<\/li>\n<\/ul>\n<p>Cada ni\u00f1o puede tener padrino y madrina, o solamente padrino o madrina. La palabra \u201cpadrino\u201d en el ritual, incluye los tres casos.<\/p>\n<p>Los padres han de tomar en serio la elecci\u00f3n de buenos padrinos para sus hijos, a fin de que el padrinazgo no se convierta en una instituci\u00f3n de puro tr\u00e1mite y formalismo. No deben dejarse guiar<br \/>\n\u00fanicamente por razones de parentesco, amistad o prestigio social, sino por un deseo sincero de asegurar a sus hijos unos padrinos, que por su edad, proximidad, formaci\u00f3n y vida cristiana sean capaces de influir, en su d\u00eda, eficazmente en la educaci\u00f3n cristiana de ellos.<\/p>\n<h1>Bendici\u00f3n de las casas<\/h1>\n<p>Todas las familias que deseen bendecir su casa pueden solicitarlo en el despacho parroquial. La raz\u00f3n de la bendici\u00f3n es que la casa es el lugar donde el matrimonio y los hijos viven la fe cristiana, Iglesia<br \/>\ndom\u00e9stica donde se alaba a Dios y donde los hijos van haci\u00e9ndose poco a poco cristianos adultos.<\/p>\n<p><a href=\"http:\/\/www.parroquiavirgendelcortijo.es\/wp-content\/uploads\/2025\/10\/calendarioBautismos2025-26.gif\"><img loading=\"lazy\" decoding=\"async\" class=\"alignnone size-medium wp-image-3740\" src=\"http:\/\/www.parroquiavirgendelcortijo.es\/wp-content\/uploads\/2025\/10\/calendarioBautismos2025-26-300x212.gif\" alt=\"\" width=\"300\" height=\"212\" srcset=\"https:\/\/www.parroquiavirgendelcortijo.es\/wp-content\/uploads\/2025\/10\/calendarioBautismos2025-26-300x212.gif 300w, https:\/\/www.parroquiavirgendelcortijo.es\/wp-content\/uploads\/2025\/10\/calendarioBautismos2025-26-768x544.gif 768w\" sizes=\"auto, (max-width: 300px) 100vw, 300px\" \/><\/a><\/p>\n<\/div>\n<p>&nbsp;<\/p>\n<p><span style=\"color: #808080;\">Imagen de\u00a0<\/span><a class=\"owner-name truncate\" title=\"Go to Hazimz 16mm's photostream\" href=\"https:\/\/www.flickr.com\/photos\/31192483@N05\/8360529056\/in\/photolist-dJMU1G-dJGqpV-dJMTUf-dJGr8n\" target=\"_blank\" rel=\"noopener\" data-track=\"attributionNameClick\" data-rapid_p=\"30\">Hazimz 16mm<\/a><span style=\"color: #808080;\">. Encuadre y realce.\u00a0Licencia:\u00a0<a href=\"https:\/\/creativecommons.org\/licenses\/by-nc-sa\/2.0\/deed.es\" target=\"_blank\" rel=\"noopener\">CC BY-NC-SA 2.0<\/a>.<\/span><\/p>\n<\/div>\n<\/div>\n<\/div>\n<\/div>\n<\/div>\n<\/div>\n<\/div>\n","protected":false},"excerpt":{"rendered":"<p>Fechas La celebraci\u00f3n del Sacramento del Bautismo tendr\u00e1n lugar los \u00faltimos s\u00e1bados de cada mes a las 12:00, salvo excepciones. Si concurren circunstancias excepcionales y hubiera necesidad de modificar la &hellip; <a href=\"https:\/\/www.parroquiavirgendelcortijo.es\/?page_id=654\" class=\"more-link\">Seguir leyendo <span class=\"screen-reader-text\">Bautismo<\/span> <span class=\"meta-nav\">&rarr;<\/span><\/a><\/p>\n","protected":false},"author":1,"featured_media":661,"parent":2599,"menu_order":1,"comment_status":"closed","ping_status":"closed","template":"","meta":{"footnotes":""},"class_list":["post-654","page","type-page","status-publish","has-post-thumbnail","hentry"],"_links":{"self":[{"href":"https:\/\/www.parroquiavirgendelcortijo.es\/index.php?rest_route=\/wp\/v2\/pages\/654","targetHints":{"allow":["GET"]}}],"collection":[{"href":"https:\/\/www.parroquiavirgendelcortijo.es\/index.php?rest_route=\/wp\/v2\/pages"}],"about":[{"href":"https:\/\/www.parroquiavirgendelcortijo.es\/index.php?rest_route=\/wp\/v2\/types\/page"}],"author":[{"embeddable":true,"href":"https:\/\/www.parroquiavirgendelcortijo.es\/index.php?rest_route=\/wp\/v2\/users\/1"}],"replies":[{"embeddable":true,"href":"https:\/\/www.parroquiavirgendelcortijo.es\/index.php?rest_route=%2Fwp%2Fv2%2Fcomments&post=654"}],"version-history":[{"count":17,"href":"https:\/\/www.parroquiavirgendelcortijo.es\/index.php?rest_route=\/wp\/v2\/pages\/654\/revisions"}],"predecessor-version":[{"id":662,"href":"https:\/\/www.parroquiavirgendelcortijo.es\/index.php?rest_route=\/wp\/v2\/pages\/654\/revisions\/662"}],"up":[{"embeddable":true,"href":"https:\/\/www.parroquiavirgendelcortijo.es\/index.php?rest_route=\/wp\/v2\/pages\/2599"}],"wp:featuredmedia":[{"embeddable":true,"href":"https:\/\/www.parroquiavirgendelcortijo.es\/index.php?rest_route=\/wp\/v2\/media\/661"}],"wp:attachment":[{"href":"https:\/\/www.parroquiavirgendelcortijo.es\/index.php?rest_route=%2Fwp%2Fv2%2Fmedia&parent=654"}],"curies":[{"name":"wp","href":"https:\/\/api.w.org\/{rel}","templated":true}]}}