{"id":58,"date":"2015-02-21T07:14:37","date_gmt":"2015-02-21T07:14:37","guid":{"rendered":"http:\/\/parroqui.cluster015.ovh.net\/?page_id=58"},"modified":"2024-05-22T12:15:47","modified_gmt":"2024-05-22T10:15:47","slug":"nuestros-sacerdotes","status":"publish","type":"page","link":"https:\/\/www.parroquiavirgendelcortijo.es\/?page_id=58","title":{"rendered":"Nuestros sacerdotes"},"content":{"rendered":"<h1 class=\"font_7\">P\u00e1rroco<\/h1>\n<p class=\"font_7\">Juan Pablo Ughetti D\u00edaz (m\u00f3vil: <a href=\"tel:+34675968579\">675 968 579<\/a>)<\/p>\n<h1 class=\"font_7\">Vicario parroquial<\/h1>\n<p>Francisco L\u00f3pez de la Barra (m\u00f3vil: <a href=\"tel:+34628622134\">628 622 134<\/a>)<\/p>\n","protected":false},"excerpt":{"rendered":"<p>P\u00e1rroco Juan Pablo Ughetti D\u00edaz (m\u00f3vil: 675 968 579) Vicario parroquial Francisco L\u00f3pez de la Barra (m\u00f3vil: 628 622 134)<\/p>\n","protected":false},"author":1,"featured_media":0,"parent":54,"menu_order":0,"comment_status":"closed","ping_status":"closed","template":"","meta":{"footnotes":""},"class_list":["post-58","page","type-page","status-publish","hentry"],"_links":{"self":[{"href":"https:\/\/www.parroquiavirgendelcortijo.es\/index.php?rest_route=\/wp\/v2\/pages\/58","targetHints":{"allow":["GET"]}}],"collection":[{"href":"https:\/\/www.parroquiavirgendelcortijo.es\/index.php?rest_route=\/wp\/v2\/pages"}],"about":[{"href":"https:\/\/www.parroquiavirgendelcortijo.es\/index.php?rest_route=\/wp\/v2\/types\/page"}],"author":[{"embeddable":true,"href":"https:\/\/www.parroquiavirgendelcortijo.es\/index.php?rest_route=\/wp\/v2\/users\/1"}],"replies":[{"embeddable":true,"href":"https:\/\/www.parroquiavirgendelcortijo.es\/index.php?rest_route=%2Fwp%2Fv2%2Fcomments&post=58"}],"version-history":[{"count":11,"href":"https:\/\/www.parroquiavirgendelcortijo.es\/index.php?rest_route=\/wp\/v2\/pages\/58\/revisions"}],"predecessor-version":[{"id":3480,"href":"https:\/\/www.parroquiavirgendelcortijo.es\/index.php?rest_route=\/wp\/v2\/pages\/58\/revisions\/3480"}],"up":[{"embeddable":true,"href":"https:\/\/www.parroquiavirgendelcortijo.es\/index.php?rest_route=\/wp\/v2\/pages\/54"}],"wp:attachment":[{"href":"https:\/\/www.parroquiavirgendelcortijo.es\/index.php?rest_route=%2Fwp%2Fv2%2Fmedia&parent=58"}],"curies":[{"name":"wp","href":"https:\/\/api.w.org\/{rel}","templated":true}]}}

<h1 class="font_7">Párroco</h1>
<p class="font_7">Juan Pablo Ughetti Díaz (móvil: <a href="tel:+34675968579">675 968 579</a>)</p>
<h1 class="font_7">Vicario parroquial</h1>
<p>Francisco López de la Barra (móvil: <a href="tel:+34628622134">628 622 134</a>)</p>

<p>Párroco Juan Pablo Ughetti Díaz (móvil: 675 968 579) Vicario parroquial Francisco López de la Barra (móvil: 628 622 134)</p>
