{"id":2614,"date":"2021-10-23T19:00:21","date_gmt":"2021-10-23T17:00:21","guid":{"rendered":"https:\/\/www.parroquiavirgendelcortijo.es\/?page_id=2614"},"modified":"2021-10-23T19:14:04","modified_gmt":"2021-10-23T17:14:04","slug":"sacramento-del-matrimonio","status":"publish","type":"page","link":"https:\/\/www.parroquiavirgendelcortijo.es\/?page_id=2614","title":{"rendered":"Sacramento del matrimonio"},"content":{"rendered":"<h1>Cursillo prematrimonial<\/h1>\n<div>\n<div>El punto inicial de la Pastoral de las familias es el <span style=\"color: #993366;\">Curso de formaci\u00f3n inmediata para la Preparaci\u00f3n al Sacramento del Matrimonio Cristiano<\/span>. A trav\u00e9s de \u00e9l, invitamos a las parejas que participan a reflexionar seriamente sobre el modelo de vida y familia al que aspiran para ellos y para sus hijos. <span style=\"color: #993366;\">\u00bfPor qu\u00e9 quer\u00e9is casaros por la Iglesia?<\/span> Es la pregunta clave que nos introduce en el misterio salv\u00edfico del matrimonio cristiano que tan bien explica San Pablo: \u201c<em>Por eso, abandonar\u00e1 el hombre a su padre y a su madre, y se unir\u00e1 a su mujer, y ser\u00e1n los dos una sola carne. Es \u00e9ste un gran misterio; y yo lo refiero a Cristo y a la Iglesia.<\/em>\u201d (<a href=\"https:\/\/www.conferenciaepiscopal.es\/biblia\/biblia-efesios\/#cap5\" target=\"_blank\" rel=\"noopener\">Ef 5, 31-32<\/a>).<\/div>\n<div><\/div>\n<div>Siguiendo las recomendaciones que nos ha hecho el Papa Francisco (cf. Audiencia del 25\/02\/2017), hemos configurado el curso como un conjunto amplio de catequesis que, durante un mes, nos instruyen inicialmente en la fe para, a continuaci\u00f3n, introducirnos en la belleza de la familia cristiana, a fin de que los c\u00f3nyuges tengan plena conciencia moral del significado de lo que celebran para poder asumir las responsabilidades inherentes.<\/div>\n<\/div>\n<div><\/div>\n<h1>Prepara tu boda: documentaci\u00f3n requerida \u00a0para formalizar el expediente matrimonial<\/h1>\n<ol>\n<li><span style=\"color: #993366;\">Fijar la fecha de la boda<\/span> en la parroquia donde se va a celebrar el matrimonio. Lo normal es casarse en la parroquia del novio o de la novia o donde van a vivir. Si es en otra distinta, hay que solicitarlo \u2013aunque se concede\u2013 al hacer el expediente matrimonial.<\/li>\n<li>Acudir a la parroquia donde viven los novios con unan antelaci\u00f3n <span style=\"color: #993366;\">m\u00ednima de 3 meses<\/span> para hacer el <span style=\"color: #993366;\">expediente matrimonial<\/span>. El expediente matrimonial es la gesti\u00f3n de los papeles anteriores a la boda. Si los novios viven en distintas parroquias, pero dentro de la misma ciudad, pueden hacerlo en cualquiera de las dos. En caso contrario, cada uno tendr\u00eda que \u00a0hacer lo que se llama <em>medio expediente<\/em>, que se unir\u00edan m\u00e1s tarde en una de las dos parroquias.<\/li>\n<li>En la archidi\u00f3cesis de Madrid y en esta parroquia, los <span style=\"color: #993366;\">documentos que han de traer los novios<\/span> son los siguientes:\n<ul>\n<li><span style=\"color: #993366;\">Partida o certificado literal de nacimiento<\/span>. Se saca del Registro Civil de la ciudad donde uno naci\u00f3\u00a0y\/o lo registraron. El Registro Civil de Madrid est\u00e1 en la calle Pradillo, n\u00ba 66. En caso de tener doble nacionalidad, presentar el documento del pa\u00eds en el que se va a casar.<\/li>\n<li><span style=\"color: #993366;\">Fe de estado<\/span> donde se acredite el estado civil de la persona. Se saca tambi\u00e9n en el Registro Civil.<\/li>\n<li><span style=\"color: #993366;\">Partida de Bautismo<\/span>. Se saca en la parroquia donde la persona fue bautizada, y tiene una validez de 6 meses. La partida que provenga de una di\u00f3cesis distinta a la de Madrid ha de venir legalizada con la firma y sello del obispado al que corresponda esa parroquia. Atenci\u00f3n: hay pueblos de la Comunidad de Madrid que no pertenecen a la archidi\u00f3cesis de Madrid, sino a la di\u00f3cesis de Getafe (Alcorc\u00f3n, Legan\u00e9s, Parla, Fuenlabrada&#8230;) o a la di\u00f3cesis de Alcal\u00e1 (Torrej\u00f3n de Ardoz, Coslada, San Fernando de Henares&#8230;).<\/li>\n<li><span style=\"color: #993366;\">Fotocopia del DNI de los novios<\/span>, a ser posible en una misma hoja.<\/li>\n<li><span style=\"color: #993366;\">Certificado del cursillo prematrimonial<\/span>. El cursillo prematrimonial se debe hacer cuanto antes, de manera que ayude a tomar la decisi\u00f3n de casarse por la Iglesia. No obstante, se pueden hacer todos los dem\u00e1s tr\u00e1mites a la vez que el cursillo. En la parroquia de los novios encontrar\u00e1n informaci\u00f3n de las distintas fechas y lugares en los que se ofrecen estos cursillos. Tambi\u00e9n se pueden buscar fechas y lugares en <a href=\"http:\/\/www.delfam.es\/index.php\/preparacion-al-matrimonio\/cursos-de-preparacion\" target=\"_blank\" rel=\"noopener\">la web de la archidi\u00f3cesis de Madrid<\/a>.<\/li>\n<li><span style=\"color: #993366;\">Resultado de las proclamas o amonestaciones<\/span>. Mediante las amonestaciones, se hace p\u00fablico a toda la comunidad, en los tablones del templo, las bodas en tr\u00e1mite, por si alguien tiene algo que objetar. Si uno de los novios\u00a0vive en otra parroquia, quien haga\u00a0el expediente puede solicitar este informe a su parroquia, que ser\u00e1 devuelto y firmado tras dos semanas de publicaci\u00f3n.<\/li>\n<li><span style=\"color: #993366;\">Declaraci\u00f3n jurada de testigos y contrayentes<\/span>.<\/li>\n<\/ul>\n<\/li>\n<li><span style=\"color: #993366;\">Hay situaciones especiales<\/span> que los novios han de manifestar al principio: matrimonios con contrayentes de distinta religi\u00f3n, <span style=\"color: #993366;\">matrimonios tras un divorcio o una nulidad anterior, cuando uno de los contrayentes sea extranjero con menos de tres a\u00f1os de residencia<\/span>, o personas con dispensa de celibato o votos religiosos. En estos casos,\u00a0el expediente hay que tramitarlo\u00a0directamente en el arzobispado de Madrid.<\/li>\n<li>Una vez acabada la tramitaci\u00f3n en la parroquia, el p\u00e1rroco traslada el expediente a la vicar\u00eda para su aprobaci\u00f3n y el <span style=\"color: #993366;\">pago de las tasas<\/span> (50\u20ac los expedientes normales, 75\u20ac los expedientes con traslado). Si el matrimonio se celebra en un lugar distinto a donde se ha hecho el expediente, los novios se encargar\u00e1n de llevarlo al sitio correspondiente (el obispado y\/o la parroquia correspondiente).<\/li>\n<li>Al acabar la boda, el p\u00e1rroco de la parroquia en la que se ha celebrado entrega un certificado de la misma, para que los novios \u2013o alguien en su nombre\u2013 lo lleven al juzgado de esa ciudad y as\u00ed conste su matrimonio civilmente y les den el <span style=\"color: #993366;\">Libro de Familia<\/span>.<\/li>\n<\/ol>\n<h1><\/h1>\n","protected":false},"excerpt":{"rendered":"<p>Cursillo prematrimonial El punto inicial de la Pastoral de las familias es el Curso de formaci\u00f3n inmediata para la Preparaci\u00f3n al Sacramento del Matrimonio Cristiano. A trav\u00e9s de \u00e9l, invitamos &hellip; <a href=\"https:\/\/www.parroquiavirgendelcortijo.es\/?page_id=2614\" class=\"more-link\">Seguir leyendo <span class=\"screen-reader-text\">Sacramento del matrimonio<\/span> <span class=\"meta-nav\">&rarr;<\/span><\/a><\/p>\n","protected":false},"author":1,"featured_media":730,"parent":2599,"menu_order":5,"comment_status":"closed","ping_status":"closed","template":"","meta":{"footnotes":""},"class_list":["post-2614","page","type-page","status-publish","has-post-thumbnail","hentry"],"_links":{"self":[{"href":"https:\/\/www.parroquiavirgendelcortijo.es\/index.php?rest_route=\/wp\/v2\/pages\/2614","targetHints":{"allow":["GET"]}}],"collection":[{"href":"https:\/\/www.parroquiavirgendelcortijo.es\/index.php?rest_route=\/wp\/v2\/pages"}],"about":[{"href":"https:\/\/www.parroquiavirgendelcortijo.es\/index.php?rest_route=\/wp\/v2\/types\/page"}],"author":[{"embeddable":true,"href":"https:\/\/www.parroquiavirgendelcortijo.es\/index.php?rest_route=\/wp\/v2\/users\/1"}],"replies":[{"embeddable":true,"href":"https:\/\/www.parroquiavirgendelcortijo.es\/index.php?rest_route=%2Fwp%2Fv2%2Fcomments&post=2614"}],"version-history":[{"count":3,"href":"https:\/\/www.parroquiavirgendelcortijo.es\/index.php?rest_route=\/wp\/v2\/pages\/2614\/revisions"}],"predecessor-version":[{"id":2618,"href":"https:\/\/www.parroquiavirgendelcortijo.es\/index.php?rest_route=\/wp\/v2\/pages\/2614\/revisions\/2618"}],"up":[{"embeddable":true,"href":"https:\/\/www.parroquiavirgendelcortijo.es\/index.php?rest_route=\/wp\/v2\/pages\/2599"}],"wp:featuredmedia":[{"embeddable":true,"href":"https:\/\/www.parroquiavirgendelcortijo.es\/index.php?rest_route=\/wp\/v2\/media\/730"}],"wp:attachment":[{"href":"https:\/\/www.parroquiavirgendelcortijo.es\/index.php?rest_route=%2Fwp%2Fv2%2Fmedia&parent=2614"}],"curies":[{"name":"wp","href":"https:\/\/api.w.org\/{rel}","templated":true}]}}