{"id":1053,"date":"2017-10-08T08:22:08","date_gmt":"2017-10-08T06:22:08","guid":{"rendered":"http:\/\/www.parroquiavirgendelcortijo.es\/?page_id=1053"},"modified":"2021-11-08T08:56:46","modified_gmt":"2021-11-08T07:56:46","slug":"pastoral-de-alejados","status":"publish","type":"page","link":"https:\/\/www.parroquiavirgendelcortijo.es\/?page_id=1053","title":{"rendered":"Pastoral de alejados \/ Comunidad en misi\u00f3n"},"content":{"rendered":"<div class=\"page\" title=\"Page 12\">\n<div class=\"section\">\n<div class=\"layoutArea\">\n<div class=\"column\">\n<p>La Comunidad en Misio\u0301n se encarga de la Pastoral de Alejados. Esta\u0301 compuesta por un grupo de hermanos venidos de otra parroquia de Madrid, enviados por el Obispo, que llevan a cabo asi\u0301 una novedosa experiencia de colaboracio\u0301n y comunio\u0301n interparroquial.<\/p>\n<p>Son requeridos por el Pa\u0301rroco y se ponen a su servicio y al de los hermanos del barrio con una misio\u0301n que, haciendo carne las palabras del Papa Francisco de salir a las periferias, consiste <span style=\"color: #993366;\">en anunciar a Jesucristo a los alejados<\/span>, a aquellas personas que, por diferentes motivos y circunstancias, no se acercan o no pueden acercarse a la parroquia. Este anuncio se produce por tanto en la calle, en los parques o en las propias casas de los feligreses, y se concreta de diferentes formas: oracio\u0301n, testimonio, catequesis, etc. segu\u0301n la inspiracio\u0301n del Espi\u0301ritu Santo en cada situacio\u0301n.<\/p>\n<\/div>\n<h1>Cenas Alpha<\/h1>\n<div class=\"page\" title=\"Page 12\">\n<div class=\"section\">\n<div class=\"layoutArea\">\n<div class=\"column\">\n<p>Alpha es una cena en un ambiente distendido con ocasio\u0301n de hacer nuevas amistades. Le sigue una charla sobre el sentido de la vida y el cristianismo para animar un debate en el que cada uno puede expresar su opinio\u0301n&#8230; cuantas ma\u0301s mejor.<\/p>\n<p>Alpha esta\u0301 pensado para el que duda, esta\u0301 lejos de la Iglesia o quie- re explorar el cristianismo&#8230; En un ambiente acogedor se charla en- tre amigos sin recibir sermones ni catequesis. No se da por supuesto nada sobre tu fe y todas las preguntas son va\u0301lidas y bien recibidas.<\/p>\n<h1>Retrouvaille<\/h1>\n<p><a href=\"http:\/\/www.retrouvaille.es\/\" target=\"_blank\" rel=\"noopener\">Retrouvaille<\/a>\u00a0es un programa para matrimonios en crisis. Su principal objetivo es que los\u00a0c\u00f3nyuges se reencuentren consigo mismos y con su pareja, para comenzar el camino de la reconciliaci\u00f3n y lograr una sanaci\u00f3n completa y plena<\/p>\n<p>Retrouvaille est\u00e1 abierto tambi\u00e9n\u00a0para matrimonios separados o que no sean cat\u00f3licos. La \u00fanica condici\u00f3n es que ambos deseen participar,\u00a0redescubriendo su relaci\u00f3n en base al di\u00e1logo a trav\u00e9s de sentimientos.<\/p>\n<p><a href=\"https:\/\/www.vaticannews.va\/es\/papa\/news\/2021-11\/asociacion-retrouvaille-papa-francisco-encuentro-parejas-crisis.html\" target=\"_blank\" rel=\"noopener\">El papa Francisco se reuni\u00f3 con miembros de Retrouvaille<\/a>\u00a0y los felicit\u00f3 por la valiosa labor que realizan.<\/p>\n<\/div>\n<\/div>\n<\/div>\n<\/div>\n<\/div>\n<\/div>\n<\/div>\n","protected":false},"excerpt":{"rendered":"<p>La Comunidad en Misio\u0301n se encarga de la Pastoral de Alejados. Esta\u0301 compuesta por un grupo de hermanos venidos de otra parroquia de Madrid, enviados por el Obispo, que llevan &hellip; <a href=\"https:\/\/www.parroquiavirgendelcortijo.es\/?page_id=1053\" class=\"more-link\">Seguir leyendo <span class=\"screen-reader-text\">Pastoral de alejados \/ Comunidad en misi\u00f3n<\/span> <span class=\"meta-nav\">&rarr;<\/span><\/a><\/p>\n","protected":false},"author":1,"featured_media":0,"parent":60,"menu_order":1,"comment_status":"closed","ping_status":"closed","template":"","meta":{"footnotes":""},"class_list":["post-1053","page","type-page","status-publish","hentry"],"_links":{"self":[{"href":"https:\/\/www.parroquiavirgendelcortijo.es\/index.php?rest_route=\/wp\/v2\/pages\/1053","targetHints":{"allow":["GET"]}}],"collection":[{"href":"https:\/\/www.parroquiavirgendelcortijo.es\/index.php?rest_route=\/wp\/v2\/pages"}],"about":[{"href":"https:\/\/www.parroquiavirgendelcortijo.es\/index.php?rest_route=\/wp\/v2\/types\/page"}],"author":[{"embeddable":true,"href":"https:\/\/www.parroquiavirgendelcortijo.es\/index.php?rest_route=\/wp\/v2\/users\/1"}],"replies":[{"embeddable":true,"href":"https:\/\/www.parroquiavirgendelcortijo.es\/index.php?rest_route=%2Fwp%2Fv2%2Fcomments&post=1053"}],"version-history":[{"count":5,"href":"https:\/\/www.parroquiavirgendelcortijo.es\/index.php?rest_route=\/wp\/v2\/pages\/1053\/revisions"}],"predecessor-version":[{"id":2682,"href":"https:\/\/www.parroquiavirgendelcortijo.es\/index.php?rest_route=\/wp\/v2\/pages\/1053\/revisions\/2682"}],"up":[{"embeddable":true,"href":"https:\/\/www.parroquiavirgendelcortijo.es\/index.php?rest_route=\/wp\/v2\/pages\/60"}],"wp:attachment":[{"href":"https:\/\/www.parroquiavirgendelcortijo.es\/index.php?rest_route=%2Fwp%2Fv2%2Fmedia&parent=1053"}],"curies":[{"name":"wp","href":"https:\/\/api.w.org\/{rel}","templated":true}]}}